{"id":117,"date":"2016-07-08T19:38:11","date_gmt":"2016-07-08T18:38:11","guid":{"rendered":"http:\/\/echecscentre-valdeloire.fr\/?page_id=117"},"modified":"2021-07-02T14:22:22","modified_gmt":"2021-07-02T12:22:22","slug":"nous-contacter","status":"publish","type":"page","link":"https:\/\/echecscentre-valdeloire.fr\/index.php\/nous-contacter\/","title":{"rendered":"Nous contacter:"},"content":{"rendered":"<p><span style=\"text-decoration: underline;\">Si\u00e8ge Social:<\/span><br \/>\nLigue Centre Val de Loire des Echecs<br \/>\nMaison des Sports &#8211; Rue de l&#8217;aviation &#8211; 37210 Par\u00e7ay-Meslay<\/p>\n<p><span style=\"text-decoration: underline;\">Adresse mail:<br \/>\n<\/span>president@echecscentre-valdeloire.fr (Paul-Adrien SALLY, Pr\u00e9sident)\u00a0 ou<br \/>\ndirecteur@echecscentre-valdeloire.fr (Yoann LE BASNIER, Directeur G\u00e9n\u00e9ral)<\/p>\n","protected":false},"excerpt":{"rendered":"<p>Si\u00e8ge Social: Ligue Centre Val de Loire des Echecs Maison des Sports &#8211; Rue de l&#8217;aviation &#8211; 37210 Par\u00e7ay-Meslay Adresse mail: president@echecscentre-valdeloire.fr (Paul-Adrien SALLY, Pr\u00e9sident)\u00a0 ou directeur@echecscentre-valdeloire.fr (Yoann LE BASNIER, Directeur G\u00e9n\u00e9ral)<\/p>\n","protected":false},"author":1,"featured_media":0,"parent":0,"menu_order":0,"comment_status":"closed","ping_status":"closed","template":"","meta":{"footnotes":""},"class_list":["post-117","page","type-page","status-publish","hentry"],"_links":{"self":[{"href":"https:\/\/echecscentre-valdeloire.fr\/index.php\/wp-json\/wp\/v2\/pages\/117","targetHints":{"allow":["GET"]}}],"collection":[{"href":"https:\/\/echecscentre-valdeloire.fr\/index.php\/wp-json\/wp\/v2\/pages"}],"about":[{"href":"https:\/\/echecscentre-valdeloire.fr\/index.php\/wp-json\/wp\/v2\/types\/page"}],"author":[{"embeddable":true,"href":"https:\/\/echecscentre-valdeloire.fr\/index.php\/wp-json\/wp\/v2\/users\/1"}],"replies":[{"embeddable":true,"href":"https:\/\/echecscentre-valdeloire.fr\/index.php\/wp-json\/wp\/v2\/comments?post=117"}],"version-history":[{"count":3,"href":"https:\/\/echecscentre-valdeloire.fr\/index.php\/wp-json\/wp\/v2\/pages\/117\/revisions"}],"predecessor-version":[{"id":2493,"href":"https:\/\/echecscentre-valdeloire.fr\/index.php\/wp-json\/wp\/v2\/pages\/117\/revisions\/2493"}],"wp:attachment":[{"href":"https:\/\/echecscentre-valdeloire.fr\/index.php\/wp-json\/wp\/v2\/media?parent=117"}],"curies":[{"name":"wp","href":"https:\/\/api.w.org\/{rel}","templated":true}]}}